, 43
Let k = 56 + 806. What are the prime factors of k?
2, 431
Let t(x) = -7*x - 1. Let k be t(-2). Let z = -10 + k. Suppose 2*b - z*n - 38 = 0, 2*n + 19 = -b + 2*b. List the prime factors of b.
19
Let r(a) = a**3 + 9*a**2 - 13*a + 8. Let n = 13 + -13. Suppose -5*y - j - 46 = n, 0*y + 2*y + 28 = 2*j. What are the prime factors of r(y)?
2, 19
Suppose 7*b - 2*b - 23 = 2*f, -32 = -4*b + 5*f. Suppose 3*o - 395 = -2*j, b*j + 5*o - 897 = -303. What are the prime factors of j?
193
Suppose 2 = q, q - 9 = 4*w + 5. Let f be (-86)/3*(w + 0). List the prime factors of (-2)/4 + f/4.
3, 7
Let m(s) = -s**3 - 18*s**2 - 21*s + 26. Let l = -17 + 0. List the prime factors of m(l).
2, 47
Let t(c) = c**2 - 2*c + 11. Let n(w) = -3*w + 20. Let z be n(8). List the prime factors of t(z).
5, 7
Suppose -807 - 1074 = -3*y. List the prime factors of y.
3, 11, 19
Let n(m) = -8*m**3 - 14*m**2 - 38*m + 5. What are the prime factors of n(-6)?
31, 47
Suppose s = -s - 3*n + 2484, 0 = -4*n. Suppose 6*v + 3*v = s. What are the prime factors of v?
2, 3, 23
Let i = -294 - -203. Let z = -45 - i. Suppose -2*u - 3*l + z = 0, -u - l - 3*l + 23 = 0. What are the prime factors of u?
23
Suppose 10*x + 16 = 6*x. What are the prime factors of (3 - x*4) + 2?
3, 7
Let m(l) = -32*l**2 + 4*l + 3. Let h(u) = 31*u**2 - 5*u - 4. Let f(q) = -2*h(q) - 3*m(q). List the prime factors of f(2).
131
Suppose 15 + 13 = 4*l. Let o be 106/l + 8/(-56). Suppose 2*i = o + 29. What are the prime factors of i?
2, 11
Let n(y) = -y**3 + 15*y**2 - 13*y - 9. Let q be n(14). Suppose -3*o + 79 = -s, q*o - 4*s - 135 = 6. Let t = 41 - o. List the prime factors of t.
2
Suppose 6 = 4*b - 2*b. Suppose 0 = -4*a - 5*p + b*p + 6, -a - 5*p - 21 = 0. Suppose -2*y + 0*k - 3*k = -3, -29 = -y + a*k. List the prime factors of y.
3
Let c(n) = n**3 - 8 + 13*n + 0 + 0*n**2 + 9*n**2. List the prime factors of c(-6).
2, 11
Let n(j) be the third derivative of -5*j**4/24 + 5*j**3/3 - 2*j**2. Let u be n(-8). Suppose -5*p + u = -45. List the prime factors of p.
19
Suppose 2*k = -3*f + 8711, -22*k = 5*f - 27*k - 14510. List the prime factors of f.
2903
Suppose 63 = -3*o - 3*q - 21, 0 = 2*o - 4*q + 74. Let y = o - -59. List the prime factors of y.
2, 7
Let u = -10461 - -15268. What are the prime factors of u?
11, 19, 23
Let c(j) = -24 - 63*j + 38*j + 30*j. What are the prime factors of c(13)?
41
Suppose g - 92 + 38 = 0. Suppose 53*x = g*x - 99. What are the prime factors of x?
3, 11
Let q(d) = -d**2 - d - 124. Let l be q(0). Let t = -69 - l. Suppose -2*c + 216 = 2*c + 2*y, c + y - t = 0. List the prime factors of c.
53
Suppose 7*g - 8 = 6*g. Let c = 24 - g. What are the prime factors of c?
2
Let a be 873/27 - (-2)/3. Let g = 30 - 19. Suppose -2*w + 3*h + a + g = 0, -3*h = 5*w - 110. List the prime factors of w.
2, 11
Let q be 3 - 3/(3/2). Let b be q/(-3)*0 + 3. What are the prime factors of ((-2)/b)/((-10)/165)?
11
Let s(n) = 3*n. Let j be s(4). Suppose 16*p - 112 = j*p. What are the prime factors of p?
2, 7
Let t = -62 - -64. Let g(n) = -n - 4. Let j be g(-4). Suppose 0 = 2*r - 4, t*v + j*r - 60 = -r. What are the prime factors of v?
29
Let i(f) = 5*f + 0*f - 3 - 2 + 3. Let q be i(2). What are the prime factors of 1398/27 + q/36?
2, 13
Let c = -3685 + 6663. List the prime factors of c.
2, 1489
List the prime factors of 1/((-4)/2 + (-14124)/(-7060)).
5, 353
Suppose -7*h = 35*h - 125328. What are the prime factors of h?
2, 373
Let o(b) = -b**3 + b - 15. Suppose 0 = q - 2*q. Let k be o(q). Let v = k + 50. List the prime factors of v.
5, 7
Let p(a) = -a**3 - 2*a**2 + a - 16. Let w be p(-8). Suppose -6*u = -u - w. List the prime factors of (-10)/(-3)*u/10.
2, 3
Let v(r) = -r**3 - 5*r**2 - 3*r + 4. Let a be v(-4). Suppose 4*l - 30 = -b + 183, l - b - 57 = a. Suppose f = -19 + l. List the prime factors of f.
5, 7
Suppose 5*c + 260 = a - 6*a, 0 = 3*c + a + 148. List the prime factors of (-1)/(2/(4*c)).
2, 3
Suppose -j + 2*j + 5*v = 156, 5*j = v + 910. List the prime factors of j.
181
Let p be (105/(-9))/(4/(-12)). Let d = 43 - p. What are the prime factors of d?
2
Let h be 3/(-9)*-3*5. Let l(g) = -4*g + 65. Let f be l(4). Suppose 4*o = h*x - 328, -2*x - 2*o + f = -93. What are the prime factors of x?
2, 17
What are the prime factors of (23820/(-80))/(3/(-24))?
2, 3, 397
Let g be (-20)/(-15)*342/24. Suppose g*c = 18*c + 10. List the prime factors of c.
2, 5
Let j = -11 - -7. List the prime factors of 2/j - (-644)/8.
2, 5
Let i = 5935 + -4009. What are the prime factors of i?
2, 3, 107
Suppose -3*s + 4*s = 168. What are the prime factors of (s/(-49))/(1/(-7))?
2, 3
Suppose 0 = 5*f - 4*d, -5*f + 4*d = d. Suppose f = b - 5*b. Suppose m + 1 = -0*m + 5*j, b = -m + j + 11. List the prime factors of m.
2, 7
Suppose 5*k = -4*w + 367, 0 = -5*k - w + 443 - 70. Suppose -3*p = -5*g + k, 3*g + 2*p - 5 = 21. What are the prime factors of g?
2, 3
Let h(f) = -67*f - 1. Let g be h(-1). Let a(z) = -z - 9. Let b be a(-12). Suppose 2*l + b*l - v - g = 0, 4*v = 5*l - 69. List the prime factors of l.
13
Let t(m) = -2*m + 53. Let p be t(24). Let q(v) = 48*v - 52. List the prime factors of q(p).
2, 47
Let a = 196 - 103. Suppose -m = r + 4*r - a, 5*r - 91 = -2*m. What are the prime factors of r?
19
Let b(w) = -1 - 2 - w**2 - 4 + 12*w. Suppose -128*d + 10 = -127*d. What are the prime factors of b(d)?
13
Let a = 2 + -2. Let v be 6/(2 + a/(-2)). Suppose 60 = -v*u + 7*u + 5*z, 2*u = z + 44. What are the prime factors of u?
2, 5
Let m(r) = 12*r**2 + 8*r - 21. Let f be m(-10). List the prime factors of (-3 - f/(-28))/(1/4).
5, 29
Suppose 308*t - 16413 = 305*t. What are the prime factors of t?
5471
Suppose 3*y - 4585 = -2*v, 2*y - 3383 = -v - 1092. What are the prime factors of v?
2297
Suppose 0 = 3*a + 248 - 56. Let l = 132 + a. Suppose p + q - 14 = 0, -5*p - q + 22 = -l. List the prime factors of p.
19
Let u = 212 + -124. Let y be (u/55)/((-1)/(-5)). Let i = y - -22. List the prime factors of i.
2, 3, 5
Suppose -4*t = -3*t - 4. Suppose -t*l + 182 = -146. List the prime factors of l.
2, 41
Suppose 5*b = -3*b - 16. What are the prime factors of (10/1)/((-105)/56 - b)?
2, 5
Let j(r) = -r**2 + 11*r - 6. Let g be j(8). Let z(h) = -h**3 + 19*h**2 - 14*h + 29. List the prime factors of z(g).
101
Suppose 86 = 9*y - 40. List the prime factors of y.
2, 7
Suppose 56*o = 26*o + 76710. What are the prime factors of o?
2557
Suppose 3*j - 28 = 7*j. Let q(y) = y**3 + 9*y**2 + 8*y + 5. What are the prime factors of q(j)?
47
Let v(s) = 27*s - 25. List the prime factors of v(25).
2, 5, 13
Suppose -5*u - 14*u = -16758. What are the prime factors of u?
2, 3, 7
What are the prime factors of 3*(-30)/9 - -1469?
1459
Let g(l) = -l**3 - 7*l**2 + 13*l - 1. Let z be g(-9). Let v = 121 - z. What are the prime factors of v?
7, 11
Suppose -48*c + 91632 = 21*c. What are the prime factors of c?
2, 83
Suppose -3*z = -728 + 107. What are the prime factors of z?
3, 23
Let i be (51/12)/((-2)/16). Let x = 34 + i. Suppose -h = -x*h - 72. List the prime factors of h.
2, 3
Let b = 63 + -59. Suppose -z = b*z - 275. What are the prime factors of z?
5, 11
Let l(a) = -a**2. Let s(b) = -5*b**2 + 4*b + 2. Let o(m) = -6*l(m) + s(m). Let w be o(-3). List the prime factors of ((-90)/(-54))/(w/(-12)).
2, 5
Let c(x) = x**3 - 4*x**2 + x - 4. Let j be c(4). Suppose j = a - 3*a - 4. What are the prime factors of 4/a + 243/9?
5
Let k be (-8)/72 + 271/9. Suppose -q + 0*q = -k. List the prime factors of q.
2, 3, 5
List the prime factors of 112*47 - (21 - 33).
2, 1319
Let z be 8/(-2 - 2) - -2. What are the prime factors of (2 - z)/(24/252)?
3, 7
Suppose -t = 4*g + 17, -t + 4*g + 14 = t. Let o = t + 3. Suppose -38 = -2*d + o*r - 10, 5 = r. What are the prime factors of d?
19
Suppose -2*t + 5*b - 7 = 0, t = 2*b - b - 2. Let f(k) = -122*k - 1. List the prime factors of f(t).
11
Let x be (-2)/(-5) + 570/75. Suppose s - x = 5*s + p, p = -s - 2. What are the prime factors of s + 33 - (-4 + 0)?
5, 7
Suppose 0 = 3*j - 9. Let m be 97/(-3*j/(-9)). Suppose m = 4*k + y, 3*k + 4 - 75 = y. What are the prime factors of k?
2, 3
Suppose 9*a = 7*a + 8. Suppose -30 - a = -z. List the prime factors of z.
2, 17
Suppose -4*x + 3*a - 12 = 0, -7 = -5*x + 4*a - 23. List the prime factors of (4 - 5)*(-2*3 + x).
2, 3
Suppose -2*x = -2*c - 98, 0 = -2*x + c - 2